{"id":7375,"date":"2023-12-20T19:08:26","date_gmt":"2023-12-20T16:08:26","guid":{"rendered":"https:\/\/nexakalitekontrol.com\/?page_id=7375"},"modified":"2024-01-03T12:59:05","modified_gmt":"2024-01-03T09:59:05","slug":"egitim","status":"publish","type":"page","link":"https:\/\/nexakalitekontrol.com\/index.php\/egitim\/","title":{"rendered":"E\u011fitim"},"content":{"rendered":"\t\t<div data-elementor-type=\"wp-page\" data-elementor-id=\"7375\" class=\"elementor elementor-7375\">\n\t\t\t\t\t\t\t\t\t<section class=\"elementor-section elementor-top-section elementor-element elementor-element-e63dcd2 elementor-section-boxed elementor-section-height-default elementor-section-height-default\" data-id=\"e63dcd2\" data-element_type=\"section\">\n\t\t\t\t\t\t<div class=\"elementor-container elementor-column-gap-default\">\n\t\t\t\t\t<div class=\"elementor-column elementor-col-100 elementor-top-column elementor-element elementor-element-e63e8b9\" data-id=\"e63e8b9\" data-element_type=\"column\">\n\t\t\t<div class=\"elementor-widget-wrap elementor-element-populated\">\n\t\t\t\t\t\t\t\t<div class=\"elementor-element elementor-element-e63ef1f elementor-widget elementor-widget-vc_custom_heading\" data-id=\"e63ef1f\" data-element_type=\"widget\" data-widget_type=\"vc_custom_heading.default\">\n\t\t\t\t<div class=\"elementor-widget-container\">\n\t\t\t<div class=\" vc_custom_heading  consulting_heading_font  text_align_left\" ><h2 style=\"text-align: left;font-weight:100\" class=\"consulting-custom-title\">E\u011fitim<\/h2><\/div>\t\t<\/div>\n\t\t\t\t<\/div>\n\t\t\t\t\t<\/div>\n\t\t<\/div>\n\t\t\t\t\t\t\t<\/div>\n\t\t<\/section>\n\t\t\t\t<section class=\"elementor-section elementor-top-section elementor-element elementor-element-e63f366 elementor-section-boxed elementor-section-height-default elementor-section-height-default\" data-id=\"e63f366\" data-element_type=\"section\">\n\t\t\t\t\t\t<div class=\"elementor-container elementor-column-gap-default\">\n\t\t\t\t\t<div class=\"elementor-column elementor-col-100 elementor-top-column elementor-element elementor-element-e63fb12\" data-id=\"e63fb12\" data-element_type=\"column\">\n\t\t\t<div class=\"elementor-widget-wrap elementor-element-populated\">\n\t\t\t\t\t\t\t\t<div class=\"elementor-element elementor-element-749b24a elementor-widget elementor-widget-text-editor\" data-id=\"749b24a\" data-element_type=\"widget\" data-widget_type=\"text-editor.default\">\n\t\t\t\t<div class=\"elementor-widget-container\">\n\t\t\t<style>\/*! elementor - v3.18.0 - 20-12-2023 *\/\n.elementor-widget-text-editor.elementor-drop-cap-view-stacked .elementor-drop-cap{background-color:#69727d;color:#fff}.elementor-widget-text-editor.elementor-drop-cap-view-framed .elementor-drop-cap{color:#69727d;border:3px solid;background-color:transparent}.elementor-widget-text-editor:not(.elementor-drop-cap-view-default) .elementor-drop-cap{margin-top:8px}.elementor-widget-text-editor:not(.elementor-drop-cap-view-default) .elementor-drop-cap-letter{width:1em;height:1em}.elementor-widget-text-editor .elementor-drop-cap{float:left;text-align:center;line-height:1;font-size:50px}.elementor-widget-text-editor .elementor-drop-cap-letter{display:inline-block}<\/style>\t\t\t\t<p><strong>E\u011e\u0130T\u0130MDE UZMANLA\u015eMA: nexa Akademisi<\/strong><\/p>\n<p>nexa Akademisi, end\u00fcstriyel kalite kontrol ve test s\u00fcre\u00e7lerinde uzmanla\u015fmak isteyen profesyoneller i\u00e7in kapsaml\u0131 bir e\u011fitim platformudur. Y\u0131llar\u0131n deneyimi ve sekt\u00f6rdeki liderli\u011fimizle birle\u015fen nexa Akademisi, kat\u0131l\u0131mc\u0131lar\u0131n bilgi birikimini derinle\u015ftirirken sekt\u00f6rde fark yaratmalar\u0131na olanak tan\u0131r.<\/p>\n<p><strong>E\u011fitim Felsefesi<\/strong><\/p>\n<p>nexa Akademisi, bilgiyi g\u00fc\u00e7le birle\u015ftirir. E\u011fitimlerimiz, teknik uzmanl\u0131\u011f\u0131, pratik becerileri ve sekt\u00f6rel anlay\u0131\u015f\u0131 geli\u015ftirmek i\u00e7in titizlikle tasarlanm\u0131\u015ft\u0131r. Her bir e\u011fitim program\u0131, sekt\u00f6rdeki en son geli\u015fmeleri, en iyi uygulamalar\u0131 ve yenilik\u00e7i teknolojileri kapsayarak kat\u0131l\u0131mc\u0131lar\u0131 g\u00fcncel tutar.<\/p>\n<p><strong>E\u011fitim \u0130mkanlar\u0131<\/strong><\/p>\n<p>E\u011fitimlerimiz, temel seviyeden ileri d\u00fczeye kadar geni\u015f bir yelpazede sunulmaktad\u0131r. Tahribats\u0131z muayene, spektroskopi teknikleri, sertlik \u00f6l\u00e7\u00fcm\u00fc ve end\u00fcstriyel test s\u00fcre\u00e7leri gibi alanlarda e\u011fitimlerimiz bulunmaktad\u0131r. Her bir e\u011fitim program\u0131, interaktif dersler, pratik uygulamalar, vaka \u00e7al\u0131\u015fmalar\u0131 ve sertifikal\u0131 e\u011fitmenler e\u015fli\u011finde sunulur.<\/p>\n<p><strong>E\u011fitmen Kadromuz<\/strong><\/p>\n<p>nexa Akademisi, alan\u0131nda uzman ve deneyimli e\u011fitmenlerden olu\u015fan bir kadroya sahiptir. Her bir e\u011fitmen, sekt\u00f6rdeki pratik bilgi ve tecr\u00fcbelerini kat\u0131l\u0131mc\u0131lara aktararak, ger\u00e7ek d\u00fcnya uygulamalar\u0131na odaklanmalar\u0131n\u0131 sa\u011flar.<\/p>\n<p><strong>Sekt\u00f6rel De\u011fer<\/strong><\/p>\n<p>nexa Akademisi, kat\u0131l\u0131mc\u0131lara sadece bilgi kazand\u0131rmakla kalmaz, ayn\u0131 zamanda sekt\u00f6rdeki kariyerlerini \u015fekillendirmelerine yard\u0131mc\u0131 olacak bir a\u011f olu\u015fturur. \u0130\u015fbirlik\u00e7i ortam\u0131m\u0131z, kat\u0131l\u0131mc\u0131lar\u0131n sekt\u00f6r liderleriyle ba\u011flant\u0131 kurmalar\u0131n\u0131, deneyimlerini payla\u015fmalar\u0131n\u0131 ve gelecekteki i\u015f f\u0131rsatlar\u0131 i\u00e7in kendilerini haz\u0131rlamalar\u0131n\u0131 sa\u011flar.<\/p>\n<p>nexa Akademisi, end\u00fcstriyel kalite kontrol ve test s\u00fcre\u00e7lerinde kariyerlerini geli\u015ftirmek isteyen herkes i\u00e7in bir kap\u0131 aralamaktad\u0131r. Siz de sekt\u00f6rdeki en iyi olma yolunda ad\u0131m atmak istiyorsan\u0131z, nexa Akademisi&#8217;nin sundu\u011fu e\u011fitim f\u0131rsatlar\u0131n\u0131 ke\u015ffedin!<\/p>\n\t\t\t\t\t\t<\/div>\n\t\t\t\t<\/div>\n\t\t\t\t<div class=\"elementor-element elementor-element-f3e913d elementor-widget elementor-widget-heading\" data-id=\"f3e913d\" data-element_type=\"widget\" data-widget_type=\"heading.default\">\n\t\t\t\t<div class=\"elementor-widget-container\">\n\t\t\t<style>\/*! elementor - v3.18.0 - 20-12-2023 *\/\n.elementor-heading-title{padding:0;margin:0;line-height:1}.elementor-widget-heading .elementor-heading-title[class*=elementor-size-]>a{color:inherit;font-size:inherit;line-height:inherit}.elementor-widget-heading .elementor-heading-title.elementor-size-small{font-size:15px}.elementor-widget-heading .elementor-heading-title.elementor-size-medium{font-size:19px}.elementor-widget-heading .elementor-heading-title.elementor-size-large{font-size:29px}.elementor-widget-heading .elementor-heading-title.elementor-size-xl{font-size:39px}.elementor-widget-heading .elementor-heading-title.elementor-size-xxl{font-size:59px}<\/style><h2 class=\"elementor-heading-title elementor-size-default\">\u0130leti\u015fim Ve Talep Formu<\/h2>\t\t<\/div>\n\t\t\t\t<\/div>\n\t\t\t\t<div class=\"elementor-element elementor-element-67f7ca3 elementor-widget elementor-widget-html\" data-id=\"67f7ca3\" data-element_type=\"widget\" data-widget_type=\"html.default\">\n\t\t\t\t<div class=\"elementor-widget-container\">\n\t\t\t<div class=\"wpforms-container wpforms-container-full wpforms-render-modern\" id=\"wpforms-7922\"><form id=\"wpforms-form-7922\" class=\"wpforms-validate wpforms-form wpforms-ajax-form\" data-formid=\"7922\" method=\"post\" enctype=\"multipart\/form-data\" action=\"\/index.php\/wp-json\/wp\/v2\/pages\/7375\" data-token=\"5e6da9f2f37c7aa423f95d5e193da7d7\"><noscript class=\"wpforms-error-noscript\">Bu formu bitirebilmek i\u00e7in taray\u0131c\u0131n\u0131zda JavaScript&#039;i etkinle\u015ftirin.<\/noscript><div class=\"wpforms-hidden\" id=\"wpforms-error-noscript\">Bu formu bitirebilmek i\u00e7in taray\u0131c\u0131n\u0131zda JavaScript&#039;i etkinle\u015ftirin.<\/div><div class=\"wpforms-field-container\"><div id=\"wpforms-7922-field_0-container\" class=\"wpforms-field wpforms-field-name\" data-field-id=\"0\"><fieldset><legend class=\"wpforms-field-label\">Ad\u0131n\u0131z Soyad\u0131n\u0131z <span class=\"wpforms-required-label\" aria-hidden=\"true\">*<\/span><\/legend><div class=\"wpforms-field-row wpforms-field-large\"><div class=\"wpforms-field-row-block wpforms-first wpforms-one-half\"><input type=\"text\" id=\"wpforms-7922-field_0\" class=\"wpforms-field-name-first wpforms-field-required\" name=\"wpforms[fields][0][first]\" aria-errormessage=\"wpforms-7922-field_0-error\" required><label for=\"wpforms-7922-field_0\" class=\"wpforms-field-sublabel after \">Ad<\/label><\/div><div class=\"wpforms-field-row-block wpforms-one-half\"><input type=\"text\" id=\"wpforms-7922-field_0-last\" class=\"wpforms-field-name-last wpforms-field-required\" name=\"wpforms[fields][0][last]\" aria-errormessage=\"wpforms-7922-field_0-last-error\" required><label for=\"wpforms-7922-field_0-last\" class=\"wpforms-field-sublabel after \">Soyad<\/label><\/div><\/div><\/fieldset><\/div><div id=\"wpforms-7922-field_15-container\" class=\"wpforms-field wpforms-field-layout\" data-field-id=\"15\"><label class=\"wpforms-field-label wpforms-label-hide\" for=\"wpforms-7922-field_15\" aria-hidden=\"false\">Yerle\u015fim<\/label><div class=\"wpforms-field-layout-columns wpforms-field-layout-preset-50-50\"><div class=\"wpforms-layout-column wpforms-layout-column-50\"><div id=\"wpforms-7922-field_16-container\" class=\"wpforms-field wpforms-field-text\" data-field-id=\"16\"><label class=\"wpforms-field-label\" for=\"wpforms-7922-field_16\">\u015eirketiniz<\/label><input type=\"text\" id=\"wpforms-7922-field_16\" class=\"wpforms-field-medium\" name=\"wpforms[fields][16]\" aria-errormessage=\"wpforms-7922-field_16-error\" ><\/div><div id=\"wpforms-7922-field_19-container\" class=\"wpforms-field wpforms-field-email\" data-field-id=\"19\"><label class=\"wpforms-field-label\" for=\"wpforms-7922-field_19\">E-posta <span class=\"wpforms-required-label\" aria-hidden=\"true\">*<\/span><\/label><input type=\"email\" id=\"wpforms-7922-field_19\" class=\"wpforms-field-medium wpforms-field-required\" name=\"wpforms[fields][19]\" spellcheck=\"false\" aria-errormessage=\"wpforms-7922-field_19-error\" required><\/div><\/div><div class=\"wpforms-layout-column wpforms-layout-column-50\"><div id=\"wpforms-7922-field_18-container\" class=\"wpforms-field wpforms-field-phone\" data-field-id=\"18\"><label class=\"wpforms-field-label\" for=\"wpforms-7922-field_18\">Telefon<\/label><input type=\"tel\" id=\"wpforms-7922-field_18\" class=\"wpforms-field-medium wpforms-smart-phone-field\" data-rule-smart-phone-field=\"true\" name=\"wpforms[fields][18]\" aria-errormessage=\"wpforms-7922-field_18-error\" ><\/div><div id=\"wpforms-7922-field_17-container\" class=\"wpforms-field wpforms-field-text\" data-field-id=\"17\"><label class=\"wpforms-field-label\" for=\"wpforms-7922-field_17\">Adres<\/label><input type=\"text\" id=\"wpforms-7922-field_17\" class=\"wpforms-field-medium\" name=\"wpforms[fields][17]\" aria-errormessage=\"wpforms-7922-field_17-error\" ><\/div><\/div><\/div><\/div><div id=\"wpforms-7922-field_2-container\" class=\"wpforms-field wpforms-field-textarea\" data-field-id=\"2\"><label class=\"wpforms-field-label\" for=\"wpforms-7922-field_2\">Yorum veya Mesaj<\/label><textarea id=\"wpforms-7922-field_2\" class=\"wpforms-field-medium\" name=\"wpforms[fields][2]\" aria-errormessage=\"wpforms-7922-field_2-error\" ><\/textarea><\/div><\/div><!-- .wpforms-field-container --><div class=\"wpforms-submit-container\" ><input type=\"hidden\" name=\"wpforms[id]\" value=\"7922\"><input type=\"hidden\" name=\"wpforms[author]\" value=\"1\"><button type=\"submit\" name=\"wpforms[submit]\" id=\"wpforms-submit-7922\" class=\"wpforms-submit\" data-alt-text=\"G\u00f6nderiliyor...\" data-submit-text=\"G\u00f6nder\" aria-live=\"assertive\" value=\"wpforms-submit\">G\u00f6nder<\/button><img decoding=\"async\" src=\"https:\/\/nexakalitekontrol.com\/wp-content\/plugins\/wpforms\/assets\/images\/submit-spin.svg\" class=\"wpforms-submit-spinner\" style=\"display: none;\" width=\"26\" height=\"26\" alt=\"Y\u00fckleniyor\"><\/div><\/form><\/div>  <!-- .wpforms-container -->\t\t<\/div>\n\t\t\t\t<\/div>\n\t\t\t\t\t<\/div>\n\t\t<\/div>\n\t\t\t\t<div class=\"elementor-column elementor-col-100 elementor-top-column elementor-element elementor-element-e647de1\" data-id=\"e647de1\" data-element_type=\"column\" data-settings=\"{&quot;background_background&quot;:&quot;classic&quot;}\">\n\t\t\t<div class=\"elementor-widget-wrap elementor-element-populated\">\n\t\t\t\t\t\t\t\t<div class=\"elementor-element elementor-element-e6482fb elementor-widget elementor-widget-stm_spacing\" data-id=\"e6482fb\" data-element_type=\"widget\" data-widget_type=\"stm_spacing.default\">\n\t\t\t\t<div class=\"elementor-widget-container\">\n\t\t\t<div class=\"stm-spacing\" id=\"stm-spacing-69e376f5847f5\"><\/div>\n<script>\n    (function($){\n        \"use strict\";\n        var spacingID = 'stm-spacing-69e376f5847f5',\n            lgSpacing = '0',\n            mdSpacing = '0',\n            smSpacing = '50',\n            xsSpacing = '50';\n\n        function stmSpacing() {\n            if ( window.matchMedia(\"(min-width: 1200px)\").matches && lgSpacing ) {\n                $( '#' + spacingID ).css ( \"height\", lgSpacing );\n            } else if ( window.matchMedia(\"(max-width: 1199px) and (min-width: 992px )\").matches && mdSpacing ) {\n                $( '#' + spacingID ).css ( \"height\", mdSpacing );\n            } else if ( window.matchMedia(\"(max-width: 991px) and (min-width: 768px )\").matches && smSpacing ) {\n                $( '#' + spacingID ).css ( \"height\", smSpacing );\n            } else if ( window.matchMedia(\"(max-width: 767px)\").matches && xsSpacing ) {\n                $( '#' + spacingID ).css ( \"height\", xsSpacing );\n            } else {\n                $( '#' + spacingID ).css ( \"height\", \"\" );\n            }\n        }\n\n        $(document).ready(function() {\n            stmSpacing();\n        });\n\n        $(window).resize(function() {\n            stmSpacing();\n        });\n\n    })(jQuery);\n<\/script>\t\t<\/div>\n\t\t\t\t<\/div>\n\t\t\t\t<section class=\"elementor-section elementor-top-section elementor-element elementor-element-e648411 third_bg_color elementor-section-boxed elementor-section-height-default elementor-section-height-default\" data-id=\"e648411\" data-element_type=\"section\">\n\t\t\t\t\t\t<div class=\"elementor-container elementor-column-gap-default\">\n\t\t\t\t\t<div class=\"elementor-column elementor-col-100 elementor-top-column elementor-element elementor-element-e648afe third_bg_color\" data-id=\"e648afe\" data-element_type=\"column\" data-settings=\"{&quot;background_background&quot;:&quot;classic&quot;}\">\n\t\t\t<div class=\"elementor-widget-wrap elementor-element-populated\">\n\t\t\t\t\t\t\t\t<div class=\"elementor-element elementor-element-e64912e elementor-widget elementor-widget-vc_custom_heading\" data-id=\"e64912e\" data-element_type=\"widget\" data-widget_type=\"vc_custom_heading.default\">\n\t\t\t\t<div class=\"elementor-widget-container\">\n\t\t\t<div class=\" vc_custom_heading remove_padding consulting_heading_font  text_align_left title_no_stripe\" ><h4 style=\"color: #ffffff;text-align: left;font-weight:100\" class=\"consulting-custom-title\">7\/24 Destek\n<\/h4><\/div>\t\t<\/div>\n\t\t\t\t<\/div>\n\t\t\t\t<div class=\"elementor-element elementor-element-e649445 elementor-widget elementor-widget-text-editor\" data-id=\"e649445\" data-element_type=\"widget\" data-widget_type=\"text-editor.default\">\n\t\t\t\t<div class=\"elementor-widget-container\">\n\t\t\t\t\t\t\t<p><span style=\"color: #ffffff;\">Soru Sormak Ve Bilgi Almak \u0130\u00e7in Bize \u0130leti\u015fim Sayfam\u0131z \u00dczerindeki \u0130leti\u015fim Bilgilerimizden Veya Kontak Form \u00dczerinden Ula\u015fabilirsiniz.<\/span><\/p>\n\t\t\t\t\t\t<\/div>\n\t\t\t\t<\/div>\n\t\t\t\t<div class=\"elementor-element elementor-element-e6497d2 elementor-widget__width-auto elementor-widget elementor-widget-button\" data-id=\"e6497d2\" data-element_type=\"widget\" data-widget_type=\"button.default\">\n\t\t\t\t<div class=\"elementor-widget-container\">\n\t\t\t\t\t<div class=\"elementor-button-wrapper icon_align_left  \">\n\t\t\t<a class=\"elementor-button elementor-button-link elementor-size-sm\" href=\"https:\/\/nexakalitekontrol.com\/index.php\/iletisim\/\">\n\t\t\t\t\t\t<span class=\"elementor-button-content-wrapper\">\n\t\t\t\t\t\t<span class=\"elementor-button-icon elementor-align-icon-left\">\n\t\t\t\t<i aria-hidden=\"true\" class=\"fa fa-phone-square\"><\/i>\t\t\t<\/span>\n\t\t\t\t\t\t<span class=\"elementor-button-text\">\u0130leti\u015fim Kur<\/span>\n\t\t<\/span>\n\t\t\t\t\t<\/a>\n\t\t<\/div>\n\t\t\t\t<\/div>\n\t\t\t\t<\/div>\n\t\t\t\t\t<\/div>\n\t\t<\/div>\n\t\t\t\t\t\t\t<\/div>\n\t\t<\/section>\n\t\t\t\t\t<\/div>\n\t\t<\/div>\n\t\t\t\t\t\t\t<\/div>\n\t\t<\/section>\n\t\t\t\t\t\t\t<\/div>\n\t\t","protected":false},"excerpt":{"rendered":"<p>E\u011fitim E\u011e\u0130T\u0130MDE UZMANLA\u015eMA: nexa Akademisi nexa Akademisi, end\u00fcstriyel kalite kontrol ve test s\u00fcre\u00e7lerinde uzmanla\u015fmak isteyen profesyoneller i\u00e7in kapsaml\u0131 bir e\u011fitim platformudur. Y\u0131llar\u0131n deneyimi ve sekt\u00f6rdeki liderli\u011fimizle birle\u015fen nexa Akademisi, kat\u0131l\u0131mc\u0131lar\u0131n bilgi birikimini derinle\u015ftirirken sekt\u00f6rde fark yaratmalar\u0131na olanak tan\u0131r. E\u011fitim Felsefesi nexa Akademisi, bilgiyi g\u00fc\u00e7le birle\u015ftirir. E\u011fitimlerimiz, teknik uzmanl\u0131\u011f\u0131, pratik becerileri ve sekt\u00f6rel anlay\u0131\u015f\u0131 geli\u015ftirmek i\u00e7in<\/p>\n","protected":false},"author":1,"featured_media":0,"parent":0,"menu_order":0,"comment_status":"closed","ping_status":"closed","template":"","meta":{"footnotes":""},"_links":{"self":[{"href":"https:\/\/nexakalitekontrol.com\/index.php\/wp-json\/wp\/v2\/pages\/7375"}],"collection":[{"href":"https:\/\/nexakalitekontrol.com\/index.php\/wp-json\/wp\/v2\/pages"}],"about":[{"href":"https:\/\/nexakalitekontrol.com\/index.php\/wp-json\/wp\/v2\/types\/page"}],"author":[{"embeddable":true,"href":"https:\/\/nexakalitekontrol.com\/index.php\/wp-json\/wp\/v2\/users\/1"}],"replies":[{"embeddable":true,"href":"https:\/\/nexakalitekontrol.com\/index.php\/wp-json\/wp\/v2\/comments?post=7375"}],"version-history":[{"count":10,"href":"https:\/\/nexakalitekontrol.com\/index.php\/wp-json\/wp\/v2\/pages\/7375\/revisions"}],"predecessor-version":[{"id":7951,"href":"https:\/\/nexakalitekontrol.com\/index.php\/wp-json\/wp\/v2\/pages\/7375\/revisions\/7951"}],"wp:attachment":[{"href":"https:\/\/nexakalitekontrol.com\/index.php\/wp-json\/wp\/v2\/media?parent=7375"}],"curies":[{"name":"wp","href":"https:\/\/api.w.org\/{rel}","templated":true}]}}